{"id":364,"date":"2018-12-09T17:39:52","date_gmt":"2018-12-09T17:39:52","guid":{"rendered":"https:\/\/www.arrosagedujardin.fr\/guide\/?page_id=364"},"modified":"2026-04-21T15:52:56","modified_gmt":"2026-04-21T15:52:56","slug":"comment-calculer-le-debit-du-robinet-ou-de-la-pompe","status":"publish","type":"page","link":"https:\/\/www.arrosagedujardin.fr\/guide\/comment-calculer-le-debit-du-robinet-ou-de-la-pompe\/","title":{"rendered":"Comment calculer le d\u00e9bit du robinet ou de la pompe et diam\u00e8tre du tuyau d&rsquo;arrosage?"},"content":{"rendered":"\n<div id=\"ez-toc-container\" class=\"ez-toc-v2_0_71 counter-hierarchy ez-toc-counter ez-toc-grey ez-toc-container-direction\">\n<div class=\"ez-toc-title-container\">\n<p class=\"ez-toc-title\" style=\"cursor:inherit\">Sommaire<\/p>\n<span class=\"ez-toc-title-toggle\"><a href=\"#\" class=\"ez-toc-pull-right ez-toc-btn ez-toc-btn-xs ez-toc-btn-default ez-toc-toggle\" aria-label=\"Toggle Table of Content\"><span class=\"ez-toc-js-icon-con\"><span class=\"\"><span class=\"eztoc-hide\" style=\"display:none;\">Toggle<\/span><span class=\"ez-toc-icon-toggle-span\"><svg style=\"fill: #999;color:#999\" xmlns=\"http:\/\/www.w3.org\/2000\/svg\" class=\"list-377408\" width=\"20px\" height=\"20px\" viewBox=\"0 0 24 24\" fill=\"none\"><path d=\"M6 6H4v2h2V6zm14 0H8v2h12V6zM4 11h2v2H4v-2zm16 0H8v2h12v-2zM4 16h2v2H4v-2zm16 0H8v2h12v-2z\" fill=\"currentColor\"><\/path><\/svg><svg style=\"fill: #999;color:#999\" class=\"arrow-unsorted-368013\" xmlns=\"http:\/\/www.w3.org\/2000\/svg\" width=\"10px\" height=\"10px\" viewBox=\"0 0 24 24\" version=\"1.2\" baseProfile=\"tiny\"><path d=\"M18.2 9.3l-6.2-6.3-6.2 6.3c-.2.2-.3.4-.3.7s.1.5.3.7c.2.2.4.3.7.3h11c.3 0 .5-.1.7-.3.2-.2.3-.5.3-.7s-.1-.5-.3-.7zM5.8 14.7l6.2 6.3 6.2-6.3c.2-.2.3-.5.3-.7s-.1-.5-.3-.7c-.2-.2-.4-.3-.7-.3h-11c-.3 0-.5.1-.7.3-.2.2-.3.5-.3.7s.1.5.3.7z\"\/><\/svg><\/span><\/span><\/span><\/a><\/span><\/div>\n<nav><ul class='ez-toc-list ez-toc-list-level-1 eztoc-toggle-hide-by-default' ><li class='ez-toc-page-1 ez-toc-heading-level-1'><a class=\"ez-toc-link ez-toc-heading-1\" href=\"https:\/\/www.arrosagedujardin.fr\/guide\/comment-calculer-le-debit-du-robinet-ou-de-la-pompe\/#Calcul_du_debit_du_robinet_ou_de_la_pompe_et_diametre_du_tuyau_darrosage\" title=\"Calcul du d\u00e9bit du robinet ou de la pompe et diam\u00e8tre du tuyau d&rsquo;arrosage\">Calcul du d\u00e9bit du robinet ou de la pompe et diam\u00e8tre du tuyau d&rsquo;arrosage<\/a><ul class='ez-toc-list-level-2' ><li class='ez-toc-heading-level-2'><a class=\"ez-toc-link ez-toc-heading-2\" href=\"https:\/\/www.arrosagedujardin.fr\/guide\/comment-calculer-le-debit-du-robinet-ou-de-la-pompe\/#Calculateur_de_debit_et_diametre_tuyau_arrosage_automatique\" title=\"Calculateur de d\u00e9bit et diam\u00e8tre tuyau arrosage automatique\">Calculateur de d\u00e9bit et diam\u00e8tre tuyau arrosage automatique<\/a><\/li><li class='ez-toc-page-1 ez-toc-heading-level-2'><a class=\"ez-toc-link ez-toc-heading-3\" href=\"https:\/\/www.arrosagedujardin.fr\/guide\/comment-calculer-le-debit-du-robinet-ou-de-la-pompe\/#Table_diametres_des_tuyaux_darrosage_recommandes_en_fonction_du_debit\" title=\"Table diam\u00e8tres des tuyaux d&rsquo;arrosage recommand\u00e9s en fonction du d\u00e9bit\">Table diam\u00e8tres des tuyaux d&rsquo;arrosage recommand\u00e9s en fonction du d\u00e9bit<\/a><\/li><\/ul><\/li><\/ul><\/nav><\/div>\n<h1><span class=\"ez-toc-section\" id=\"Calcul_du_debit_du_robinet_ou_de_la_pompe_et_diametre_du_tuyau_darrosage\"><\/span>Calcul du d\u00e9bit du robinet ou de la pompe et diam\u00e8tre du tuyau d&rsquo;arrosage<span class=\"ez-toc-section-end\"><\/span><\/h1>\n\n\n\n<style>\n        body {\n            font-family: Arial, sans-serif;\n            line-height: 1.6;\n            margin: 0;\n            padding: 20px;\n            background-color: #f4f4f4;\n        }\n        .container {\n            max-width: 800px;\n            margin: 0 auto;\n            background-color: white;\n            padding: 20px;\n            border-radius: 5px;\n            box-shadow: 0 0 10px rgba(0,0,0,0.1);\n        }\n        h1 {\n            color: #333;\n        }\n #calculateur {\n            margin-top: 20px;\n        }\n        input, button {\n            margin: 10px 0;\n            padding: 5px;\n        }\n        #resultat {\n            font-weight: bold;\n            margin-top: 10px;\n        }\n    <\/style>\n\n\n\n<p>Vous pouvez calculer le d\u00e9bit avec un d\u00e9bitm\u00e8tre. Si vous n&rsquo;en avez pas ou vous ne voulez pas investir dessus, pas de panique ! Vous pourrez toujours le calculer en utilisant un seau d&rsquo;eau de 10L par exemple et calculer la dur\u00e9e d&rsquo;\u00e9coulement en secondes.<\/p>\n\n\n\n<p>La formule que vous pourrez utiliser est la suivante : Le d\u00e9bit d&rsquo;eau en m3\/h = (10L x 3.6) \/ temps de remplissage (en secondes)<\/p>\n\n\n\n<p>Par exemple, si le remplissage dure 16 secondes, le d\u00e9bit est : (10L x 3.6) \/ 16 secondes = 2.25m3\/h<\/p>\n\n\n\n<p>Le calcul du d\u00e9bit est important pour pouvoir d\u00e9terminer par exemple le diam\u00e8tre de votre tuyau d&rsquo;arrosage enterr\u00e9.<\/p>\n\n\n<div id=\"fox-b-1\"><div class=\"fox-placeholder fox-search-placeholder fox-skeleton-wrap fox-skeleton-wrap--grid\" data-search=\"1\" data-cache-key=\"9320d61e80629eced73a\" data-keyword=\"pompe gardena\" data-node=\"\" data-locale=\"FR\" data-count=\"4\" data-sort=\"Featured\" data-layout=\"grid\" data-title=\"\" data-class=\"\" data-source=\"block-smart\" data-worker=\"1\"><div class=\"fox-skeleton-card fox-skeleton-card--vertical\"><div class=\"fox-skeleton__image fox-skeleton__image--tall fox-shimmer\"><\/div><div class=\"fox-skeleton__body\"><div class=\"fox-skeleton__line fox-skeleton__line--title fox-shimmer\"><\/div><div class=\"fox-skeleton__line fox-skeleton__line--short fox-shimmer\"><\/div><div class=\"fox-skeleton__footer\"><div class=\"fox-skeleton__line fox-skeleton__line--price fox-shimmer\"><\/div><div class=\"fox-skeleton__line fox-skeleton__line--btn fox-shimmer\"><\/div><\/div><\/div><\/div><div class=\"fox-skeleton-card fox-skeleton-card--vertical\"><div class=\"fox-skeleton__image fox-skeleton__image--tall fox-shimmer\"><\/div><div class=\"fox-skeleton__body\"><div class=\"fox-skeleton__line fox-skeleton__line--title fox-shimmer\"><\/div><div class=\"fox-skeleton__line fox-skeleton__line--short fox-shimmer\"><\/div><div class=\"fox-skeleton__footer\"><div class=\"fox-skeleton__line fox-skeleton__line--price fox-shimmer\"><\/div><div class=\"fox-skeleton__line fox-skeleton__line--btn fox-shimmer\"><\/div><\/div><\/div><\/div><div class=\"fox-skeleton-card fox-skeleton-card--vertical\"><div class=\"fox-skeleton__image fox-skeleton__image--tall fox-shimmer\"><\/div><div class=\"fox-skeleton__body\"><div class=\"fox-skeleton__line fox-skeleton__line--title fox-shimmer\"><\/div><div class=\"fox-skeleton__line fox-skeleton__line--short fox-shimmer\"><\/div><div class=\"fox-skeleton__footer\"><div class=\"fox-skeleton__line fox-skeleton__line--price fox-shimmer\"><\/div><div class=\"fox-skeleton__line fox-skeleton__line--btn fox-shimmer\"><\/div><\/div><\/div><\/div><div class=\"fox-skeleton-card fox-skeleton-card--vertical\"><div class=\"fox-skeleton__image fox-skeleton__image--tall fox-shimmer\"><\/div><div class=\"fox-skeleton__body\"><div class=\"fox-skeleton__line fox-skeleton__line--title fox-shimmer\"><\/div><div class=\"fox-skeleton__line fox-skeleton__line--short fox-shimmer\"><\/div><div class=\"fox-skeleton__footer\"><div class=\"fox-skeleton__line fox-skeleton__line--price fox-shimmer\"><\/div><div class=\"fox-skeleton__line fox-skeleton__line--btn fox-shimmer\"><\/div><\/div><\/div><\/div><\/div><\/div>\n\n\n<h2><span class=\"ez-toc-section\" id=\"Calculateur_de_debit_et_diametre_tuyau_arrosage_automatique\"><\/span>Calculateur de d\u00e9bit et diam\u00e8tre tuyau arrosage automatique<span class=\"ez-toc-section-end\"><\/span><\/h2>\n\n\n\n<div class=\"container\">\n        <div id=\"calculateur\">\n          \n            <label for=\"temps\">Temps de remplissage (en secondes) :<\/label>\n            <input type=\"number\" id=\"temps\" min=\"1\" step=\"1\">\n            <button onclick=\"calculerDebit()\">Calculer le d\u00e9bit<\/button>\n            <div id=\"resultat\"><\/div>\n        <\/div>\n        \n    <\/div>\n\n\n\n<script>\n        function calculerDebit() {\n            const temps = parseFloat(document.getElementById('temps').value);\n            if (isNaN(temps) || temps <= 0) {\n                alert(\"Veuillez entrer un temps valide (sup\u00e9rieur \u00e0 0).\");\n                return;\n            }\n            const debit = (10 * 3.6) \/ temps;\n            const resultatElement = document.getElementById('resultat');\n            resultatElement.innerHTML = `Le d\u00e9bit est de ${debit.toFixed(2)} m3\/h (${(debit * 1000).toFixed(0)} l\/h)`;\n\n            \/\/ D\u00e9terminer le diam\u00e8tre recommand\u00e9\n            let diametre = \"\";\n            if (debit < 1.2) {\n                diametre = \"Inf\u00e9rieur \u00e0 20 mm\";\n            } else if (debit >= 1.2 && debit < 1.7) {\n                diametre = \"20 mm\";\n            } else if (debit >= 1.7 && debit < 2.2) {\n                diametre = \"25 mm\";\n            } else {\n                diametre = \"32 mm\";\n            }\n            resultatElement.innerHTML += `<br>Diam\u00e8tre recommand\u00e9 : ${diametre}`;\n        }\n    <\/script>\n\n\n\n<p><strong>Aquam\u00e8tre pour mesurer le d\u00e9bit :<\/strong><\/p>\n\n\n<div id=\"fox-b-2\"><div class=\"fox-placeholder fox-search-placeholder fox-skeleton-wrap fox-skeleton-wrap--grid\" data-search=\"1\" data-cache-key=\"2b0b9bbf7a872494adde\" data-keyword=\"aquam\u00e8tre\" data-node=\"\" data-locale=\"FR\" data-count=\"4\" data-sort=\"Featured\" data-layout=\"grid\" data-title=\"\" data-class=\"\" data-source=\"block-smart\" data-worker=\"1\"><div class=\"fox-skeleton-card fox-skeleton-card--vertical\"><div class=\"fox-skeleton__image fox-skeleton__image--tall fox-shimmer\"><\/div><div class=\"fox-skeleton__body\"><div class=\"fox-skeleton__line fox-skeleton__line--title fox-shimmer\"><\/div><div class=\"fox-skeleton__line fox-skeleton__line--short fox-shimmer\"><\/div><div class=\"fox-skeleton__footer\"><div class=\"fox-skeleton__line fox-skeleton__line--price fox-shimmer\"><\/div><div class=\"fox-skeleton__line fox-skeleton__line--btn fox-shimmer\"><\/div><\/div><\/div><\/div><div class=\"fox-skeleton-card fox-skeleton-card--vertical\"><div class=\"fox-skeleton__image fox-skeleton__image--tall fox-shimmer\"><\/div><div class=\"fox-skeleton__body\"><div class=\"fox-skeleton__line fox-skeleton__line--title fox-shimmer\"><\/div><div class=\"fox-skeleton__line fox-skeleton__line--short fox-shimmer\"><\/div><div class=\"fox-skeleton__footer\"><div class=\"fox-skeleton__line fox-skeleton__line--price fox-shimmer\"><\/div><div class=\"fox-skeleton__line fox-skeleton__line--btn fox-shimmer\"><\/div><\/div><\/div><\/div><div class=\"fox-skeleton-card fox-skeleton-card--vertical\"><div class=\"fox-skeleton__image fox-skeleton__image--tall fox-shimmer\"><\/div><div class=\"fox-skeleton__body\"><div class=\"fox-skeleton__line fox-skeleton__line--title fox-shimmer\"><\/div><div class=\"fox-skeleton__line fox-skeleton__line--short fox-shimmer\"><\/div><div class=\"fox-skeleton__footer\"><div class=\"fox-skeleton__line fox-skeleton__line--price fox-shimmer\"><\/div><div class=\"fox-skeleton__line fox-skeleton__line--btn fox-shimmer\"><\/div><\/div><\/div><\/div><div class=\"fox-skeleton-card fox-skeleton-card--vertical\"><div class=\"fox-skeleton__image fox-skeleton__image--tall fox-shimmer\"><\/div><div class=\"fox-skeleton__body\"><div class=\"fox-skeleton__line fox-skeleton__line--title fox-shimmer\"><\/div><div class=\"fox-skeleton__line fox-skeleton__line--short fox-shimmer\"><\/div><div class=\"fox-skeleton__footer\"><div class=\"fox-skeleton__line fox-skeleton__line--price fox-shimmer\"><\/div><div class=\"fox-skeleton__line fox-skeleton__line--btn fox-shimmer\"><\/div><\/div><\/div><\/div><\/div><\/div>\n\n\n<h2><span class=\"ez-toc-section\" id=\"Table_diametres_des_tuyaux_darrosage_recommandes_en_fonction_du_debit\"><\/span>Table diam\u00e8tres des tuyaux d&rsquo;arrosage recommand\u00e9s en fonction du d\u00e9bit<span class=\"ez-toc-section-end\"><\/span><\/h2>\n\n\n\n<figure class=\"wp-block-table t1 is-style-stripes\"><table><tbody><tr><th>D\u00e9bit en m3\/h<\/th><th>D\u00e9bit en l\/h<\/th><th>Diam\u00e8tre<\/th><\/tr><tr><td>Entre 1,2 m3\/h et 1,7 m3\/h<\/td><td>Entre 1,2 m3\/h et 1,7 m3\/h<\/td><td>20 mm<\/td><\/tr><tr><td>Entre 1,2 m3\/h et 1,7 m3\/h<\/td><td>Entre 1,2 m3\/h et 1,7 m3\/h<\/td><td>25 mm<\/td><\/tr><tr><td>Sup\u00e9rieur \u00e0 2,2 m3<\/td><td>Sup\u00e9rieur \u00e0 2200 l\/h<\/td><td>32 mm<\/td><\/tr><\/tbody><\/table><\/figure>\n\n\n\n<p><\/p>\n\n\n\n<p><\/p>\n\n\n\n<p><\/p>\n\n\n\n\n","protected":false},"excerpt":{"rendered":"<p>Calcul du d\u00e9bit du robinet ou de la pompe et diam\u00e8tre du tuyau d&rsquo;arrosage Vous pouvez calculer le d\u00e9bit avec un d\u00e9bitm\u00e8tre. Si vous n&rsquo;en avez pas ou vous ne voulez pas investir dessus, pas de panique ! Vous pourrez toujours le calculer en utilisant un seau d&rsquo;eau de 10L par exemple et calculer la [&hellip;]<\/p>\n","protected":false},"author":1,"featured_media":0,"parent":0,"menu_order":0,"comment_status":"closed","ping_status":"closed","template":"","meta":{"_links_to":"","_links_to_target":""},"yoast_head":"<!-- This site is optimized with the Yoast SEO plugin v20.6 - https:\/\/yoast.com\/wordpress\/plugins\/seo\/ -->\n<title>Comment calculer le d\u00e9bit du robinet ou de la pompe et diam\u00e8tre du tuyau d&#039;arrosage?<\/title>\n<meta name=\"robots\" content=\"index, follow, max-snippet:-1, max-image-preview:large, max-video-preview:-1\" \/>\n<link rel=\"canonical\" href=\"https:\/\/www.arrosagedujardin.fr\/guide\/comment-calculer-le-debit-du-robinet-ou-de-la-pompe\/\" \/>\n<meta property=\"og:locale\" content=\"fr_FR\" \/>\n<meta property=\"og:type\" content=\"article\" \/>\n<meta property=\"og:title\" content=\"Comment calculer le d\u00e9bit du robinet ou de la pompe et diam\u00e8tre du tuyau d&#039;arrosage?\" \/>\n<meta property=\"og:description\" content=\"Calcul du d\u00e9bit du robinet ou de la pompe et diam\u00e8tre du tuyau d&rsquo;arrosage Vous pouvez calculer le d\u00e9bit avec un d\u00e9bitm\u00e8tre. Si vous n&rsquo;en avez pas ou vous ne voulez pas investir dessus, pas de panique ! Vous pourrez toujours le calculer en utilisant un seau d&rsquo;eau de 10L par exemple et calculer la [&hellip;]\" \/>\n<meta property=\"og:url\" content=\"https:\/\/www.arrosagedujardin.fr\/guide\/comment-calculer-le-debit-du-robinet-ou-de-la-pompe\/\" \/>\n<meta property=\"article:modified_time\" content=\"2026-04-21T15:52:56+00:00\" \/>\n<meta name=\"twitter:card\" content=\"summary_large_image\" \/>\n<meta name=\"twitter:label1\" content=\"Dur\u00e9e de lecture estim\u00e9e\" \/>\n\t<meta name=\"twitter:data1\" content=\"2 minutes\" \/>\n<script type=\"application\/ld+json\" class=\"yoast-schema-graph\">{\"@context\":\"https:\/\/schema.org\",\"@graph\":[{\"@type\":\"WebPage\",\"@id\":\"https:\/\/www.arrosagedujardin.fr\/guide\/comment-calculer-le-debit-du-robinet-ou-de-la-pompe\/\",\"url\":\"https:\/\/www.arrosagedujardin.fr\/guide\/comment-calculer-le-debit-du-robinet-ou-de-la-pompe\/\",\"name\":\"Comment calculer le d\u00e9bit du robinet ou de la pompe et diam\u00e8tre du tuyau d'arrosage?\",\"isPartOf\":{\"@id\":\"https:\/\/www.arrosagedujardin.fr\/guide\/#website\"},\"datePublished\":\"2018-12-09T17:39:52+00:00\",\"dateModified\":\"2026-04-21T15:52:56+00:00\",\"breadcrumb\":{\"@id\":\"https:\/\/www.arrosagedujardin.fr\/guide\/comment-calculer-le-debit-du-robinet-ou-de-la-pompe\/#breadcrumb\"},\"inLanguage\":\"fr-FR\",\"potentialAction\":[{\"@type\":\"ReadAction\",\"target\":[\"https:\/\/www.arrosagedujardin.fr\/guide\/comment-calculer-le-debit-du-robinet-ou-de-la-pompe\/\"]}]},{\"@type\":\"BreadcrumbList\",\"@id\":\"https:\/\/www.arrosagedujardin.fr\/guide\/comment-calculer-le-debit-du-robinet-ou-de-la-pompe\/#breadcrumb\",\"itemListElement\":[{\"@type\":\"ListItem\",\"position\":1,\"name\":\"Home\",\"item\":\"https:\/\/www.arrosagedujardin.fr\/guide\/\"},{\"@type\":\"ListItem\",\"position\":2,\"name\":\"Comment calculer le d\u00e9bit du robinet ou de la pompe et diam\u00e8tre du tuyau d&rsquo;arrosage?\"}]},{\"@type\":\"WebSite\",\"@id\":\"https:\/\/www.arrosagedujardin.fr\/guide\/#website\",\"url\":\"https:\/\/www.arrosagedujardin.fr\/guide\/\",\"name\":\"\",\"description\":\"Guide sur l&#039;entretien et l&#039;arrosage du jardin\",\"potentialAction\":[{\"@type\":\"SearchAction\",\"target\":{\"@type\":\"EntryPoint\",\"urlTemplate\":\"https:\/\/www.arrosagedujardin.fr\/guide\/?s={search_term_string}\"},\"query-input\":\"required name=search_term_string\"}],\"inLanguage\":\"fr-FR\"}]}<\/script>\n<!-- \/ Yoast SEO plugin. -->","yoast_head_json":{"title":"Comment calculer le d\u00e9bit du robinet ou de la pompe et diam\u00e8tre du tuyau d'arrosage?","robots":{"index":"index","follow":"follow","max-snippet":"max-snippet:-1","max-image-preview":"max-image-preview:large","max-video-preview":"max-video-preview:-1"},"canonical":"https:\/\/www.arrosagedujardin.fr\/guide\/comment-calculer-le-debit-du-robinet-ou-de-la-pompe\/","og_locale":"fr_FR","og_type":"article","og_title":"Comment calculer le d\u00e9bit du robinet ou de la pompe et diam\u00e8tre du tuyau d'arrosage?","og_description":"Calcul du d\u00e9bit du robinet ou de la pompe et diam\u00e8tre du tuyau d&rsquo;arrosage Vous pouvez calculer le d\u00e9bit avec un d\u00e9bitm\u00e8tre. Si vous n&rsquo;en avez pas ou vous ne voulez pas investir dessus, pas de panique ! Vous pourrez toujours le calculer en utilisant un seau d&rsquo;eau de 10L par exemple et calculer la [&hellip;]","og_url":"https:\/\/www.arrosagedujardin.fr\/guide\/comment-calculer-le-debit-du-robinet-ou-de-la-pompe\/","article_modified_time":"2026-04-21T15:52:56+00:00","twitter_card":"summary_large_image","twitter_misc":{"Dur\u00e9e de lecture estim\u00e9e":"2 minutes"},"schema":{"@context":"https:\/\/schema.org","@graph":[{"@type":"WebPage","@id":"https:\/\/www.arrosagedujardin.fr\/guide\/comment-calculer-le-debit-du-robinet-ou-de-la-pompe\/","url":"https:\/\/www.arrosagedujardin.fr\/guide\/comment-calculer-le-debit-du-robinet-ou-de-la-pompe\/","name":"Comment calculer le d\u00e9bit du robinet ou de la pompe et diam\u00e8tre du tuyau d'arrosage?","isPartOf":{"@id":"https:\/\/www.arrosagedujardin.fr\/guide\/#website"},"datePublished":"2018-12-09T17:39:52+00:00","dateModified":"2026-04-21T15:52:56+00:00","breadcrumb":{"@id":"https:\/\/www.arrosagedujardin.fr\/guide\/comment-calculer-le-debit-du-robinet-ou-de-la-pompe\/#breadcrumb"},"inLanguage":"fr-FR","potentialAction":[{"@type":"ReadAction","target":["https:\/\/www.arrosagedujardin.fr\/guide\/comment-calculer-le-debit-du-robinet-ou-de-la-pompe\/"]}]},{"@type":"BreadcrumbList","@id":"https:\/\/www.arrosagedujardin.fr\/guide\/comment-calculer-le-debit-du-robinet-ou-de-la-pompe\/#breadcrumb","itemListElement":[{"@type":"ListItem","position":1,"name":"Home","item":"https:\/\/www.arrosagedujardin.fr\/guide\/"},{"@type":"ListItem","position":2,"name":"Comment calculer le d\u00e9bit du robinet ou de la pompe et diam\u00e8tre du tuyau d&rsquo;arrosage?"}]},{"@type":"WebSite","@id":"https:\/\/www.arrosagedujardin.fr\/guide\/#website","url":"https:\/\/www.arrosagedujardin.fr\/guide\/","name":"","description":"Guide sur l&#039;entretien et l&#039;arrosage du jardin","potentialAction":[{"@type":"SearchAction","target":{"@type":"EntryPoint","urlTemplate":"https:\/\/www.arrosagedujardin.fr\/guide\/?s={search_term_string}"},"query-input":"required name=search_term_string"}],"inLanguage":"fr-FR"}]}},"_links":{"self":[{"href":"https:\/\/www.arrosagedujardin.fr\/guide\/wp-json\/wp\/v2\/pages\/364"}],"collection":[{"href":"https:\/\/www.arrosagedujardin.fr\/guide\/wp-json\/wp\/v2\/pages"}],"about":[{"href":"https:\/\/www.arrosagedujardin.fr\/guide\/wp-json\/wp\/v2\/types\/page"}],"author":[{"embeddable":true,"href":"https:\/\/www.arrosagedujardin.fr\/guide\/wp-json\/wp\/v2\/users\/1"}],"replies":[{"embeddable":true,"href":"https:\/\/www.arrosagedujardin.fr\/guide\/wp-json\/wp\/v2\/comments?post=364"}],"version-history":[{"count":24,"href":"https:\/\/www.arrosagedujardin.fr\/guide\/wp-json\/wp\/v2\/pages\/364\/revisions"}],"predecessor-version":[{"id":8513,"href":"https:\/\/www.arrosagedujardin.fr\/guide\/wp-json\/wp\/v2\/pages\/364\/revisions\/8513"}],"wp:attachment":[{"href":"https:\/\/www.arrosagedujardin.fr\/guide\/wp-json\/wp\/v2\/media?parent=364"}],"curies":[{"name":"wp","href":"https:\/\/api.w.org\/{rel}","templated":true}]}}