{"id":6192,"date":"2022-03-23T18:27:32","date_gmt":"2022-03-23T18:27:32","guid":{"rendered":"https:\/\/www.arrosagedujardin.fr\/guide\/?p=6192"},"modified":"2026-02-16T18:07:19","modified_gmt":"2026-02-16T18:07:19","slug":"installer-une-serre-de-jardin-verre-alu","status":"publish","type":"page","link":"https:\/\/www.arrosagedujardin.fr\/guide\/installer-une-serre-de-jardin-verre-alu\/","title":{"rendered":"Installer une serre de jardin"},"content":{"rendered":"\n<h2><span class=\"ez-toc-section\" id=\"Installer_une_serre_dans_votre_jardin\"><\/span>I<strong>nstaller une serre dans votre jardin<\/strong><span class=\"ez-toc-section-end\"><\/span><\/h2>\n\n\n\n<p>Dans une&nbsp;<a href=\"https:\/\/www.arrosagedujardin.fr\/guide\/planter-sous-serre-de-jardin\/\">serre de jardin<\/a>&nbsp;vous pouvez cultiver tous types de v\u00e9g\u00e9taux.&nbsp;<\/p>\n\n\n\n<p>L\u2019installation du serre de jardin\u00a0peut paraitre difficile mais avec quelques conseils, il vous sera facile de l\u2019as r\u00e9aliser.<\/p>\n\n\n\n<div id=\"ez-toc-container\" class=\"ez-toc-v2_0_71 counter-hierarchy ez-toc-counter ez-toc-grey ez-toc-container-direction\">\n<div class=\"ez-toc-title-container\">\n<p class=\"ez-toc-title\" style=\"cursor:inherit\">Sommaire<\/p>\n<span class=\"ez-toc-title-toggle\"><a href=\"#\" class=\"ez-toc-pull-right ez-toc-btn ez-toc-btn-xs ez-toc-btn-default ez-toc-toggle\" aria-label=\"Toggle Table of Content\"><span class=\"ez-toc-js-icon-con\"><span class=\"\"><span class=\"eztoc-hide\" style=\"display:none;\">Toggle<\/span><span class=\"ez-toc-icon-toggle-span\"><svg style=\"fill: #999;color:#999\" xmlns=\"http:\/\/www.w3.org\/2000\/svg\" class=\"list-377408\" width=\"20px\" height=\"20px\" viewBox=\"0 0 24 24\" fill=\"none\"><path d=\"M6 6H4v2h2V6zm14 0H8v2h12V6zM4 11h2v2H4v-2zm16 0H8v2h12v-2zM4 16h2v2H4v-2zm16 0H8v2h12v-2z\" fill=\"currentColor\"><\/path><\/svg><svg style=\"fill: #999;color:#999\" class=\"arrow-unsorted-368013\" xmlns=\"http:\/\/www.w3.org\/2000\/svg\" width=\"10px\" height=\"10px\" viewBox=\"0 0 24 24\" version=\"1.2\" baseProfile=\"tiny\"><path d=\"M18.2 9.3l-6.2-6.3-6.2 6.3c-.2.2-.3.4-.3.7s.1.5.3.7c.2.2.4.3.7.3h11c.3 0 .5-.1.7-.3.2-.2.3-.5.3-.7s-.1-.5-.3-.7zM5.8 14.7l6.2 6.3 6.2-6.3c.2-.2.3-.5.3-.7s-.1-.5-.3-.7c-.2-.2-.4-.3-.7-.3h-11c-.3 0-.5.1-.7.3-.2.2-.3.5-.3.7s.1.5.3.7z\"\/><\/svg><\/span><\/span><\/span><\/a><\/span><\/div>\n<nav><ul class='ez-toc-list ez-toc-list-level-1 eztoc-toggle-hide-by-default' ><li class='ez-toc-page-1 ez-toc-heading-level-2'><a class=\"ez-toc-link ez-toc-heading-1\" href=\"https:\/\/www.arrosagedujardin.fr\/guide\/installer-une-serre-de-jardin-verre-alu\/#Installer_une_serre_dans_votre_jardin\" title=\"Installer une serre dans votre jardin\">Installer une serre dans votre jardin<\/a><\/li><li class='ez-toc-page-1 ez-toc-heading-level-2'><a class=\"ez-toc-link ez-toc-heading-2\" href=\"https:\/\/www.arrosagedujardin.fr\/guide\/installer-une-serre-de-jardin-verre-alu\/#Pourquoi_avez-vous_besoin_dune_serre_de_jardin\" title=\"Pourquoi avez-vous besoin d\u2019une serre de jardin ?\">Pourquoi avez-vous besoin d\u2019une serre de jardin ?<\/a><\/li><li class='ez-toc-page-1 ez-toc-heading-level-2'><a class=\"ez-toc-link ez-toc-heading-3\" href=\"https:\/\/www.arrosagedujardin.fr\/guide\/installer-une-serre-de-jardin-verre-alu\/#Bien_choisir_le_lieu_pour_votre_serre\" title=\"Bien choisir le lieu pour votre serre\">Bien choisir le lieu pour votre serre<\/a><\/li><li class='ez-toc-page-1 ez-toc-heading-level-2'><a class=\"ez-toc-link ez-toc-heading-4\" href=\"https:\/\/www.arrosagedujardin.fr\/guide\/installer-une-serre-de-jardin-verre-alu\/#Lentretien_de_votre_abri_de_jardin_et_serre\" title=\"L\u2019entretien de votre abri de jardin&nbsp;et serre :\">L\u2019entretien de votre abri de jardin&nbsp;et serre :<\/a><ul class='ez-toc-list-level-5' ><li class='ez-toc-heading-level-5'><ul class='ez-toc-list-level-5' ><li class='ez-toc-heading-level-5'><ul class='ez-toc-list-level-5' ><li class='ez-toc-heading-level-5'><a class=\"ez-toc-link ez-toc-heading-5\" href=\"https:\/\/www.arrosagedujardin.fr\/guide\/installer-une-serre-de-jardin-verre-alu\/#Tout_sur_la_serre_de_jardin\" title=\"Tout sur la serre de jardin :\">Tout sur la serre de jardin :<\/a><\/li><\/ul><\/li><\/ul><\/li><\/ul><\/li><\/ul><\/nav><\/div>\n\n\n\n\n<h2><span class=\"ez-toc-section\" id=\"Pourquoi_avez-vous_besoin_dune_serre_de_jardin\"><\/span>Pourquoi avez-vous besoin d\u2019une serre de jardin ?<span class=\"ez-toc-section-end\"><\/span><\/h2>\n\n\n\n<p>Pour votre potager, vous ne pouvez pas ma\u00eetriser les conditions m\u00e9t\u00e9orologiques. S\u2019il fait trop chaud ou trop froid, vos plants ne pourront pas cro\u00eetre. <\/p>\n\n\n\n<p>C\u2019est pour cette raison que nous vous conseillons de regarder <a href=\"https:\/\/www.serres-lafrancaise.com\/categorie\/506-serres-de-jardin\">les meilleures serres de jardin fran\u00e7aises<\/a>. Ce sont des structures qui augmentent la temp\u00e9rature, vos plants pourront \u00eatre cultiv\u00e9s dans des conditions optimis\u00e9es. Soyez tout de m\u00eame attentif \u00e0 la chaleur et \u00e0 l&rsquo;apport en eau.\u00a0<\/p>\n\n\n\n<p>De plus, vous aurez l\u2019occasion de r\u00e9aliser un potager tout au long de l\u2019ann\u00e9e puisque les parois captent les rayons du soleil, ce qui est tr\u00e8s appr\u00e9ciable. En fonction de vos besoins, vous trouverez diff\u00e9rentes superficies. Les plus petites affichent 9 m\u00e8tres carr\u00e9s environ, mais les plus grandes peuvent proposer pr\u00e8s de 60 m\u00e8tres carr\u00e9s.&nbsp;<\/p>\n\n\n\n<p>Ce sont des tubes qui sont faciles \u00e0 installer gr\u00e2ce \u00e0 une armature en m\u00e9tal qui r\u00e9sistera au vent et aux diff\u00e9rentes intemp\u00e9ries. Bien s\u00fbr, plus la serre de jardin sera grande et robuste, plus le tarif sera \u00e9lev\u00e9. Il faudra pr\u00e9voir aux alentours de 2000 euros pour une version de 60 m\u00e8tres carr\u00e9s dont le poids sera de 340 kg.<\/p>\n\n\n\n<div class=\"fox-placeholder fox-search-placeholder fox-skeleton-wrap fox-skeleton-wrap--grid\" data-search=\"1\" data-cache-key=\"4d2c58255a2911b928b6\" data-keyword=\"serre jardin aluminium\" data-node=\"\" data-locale=\"FR\" data-count=\"3\" data-sort=\"Featured\" data-layout=\"grid\" data-title=\"\" data-class=\"\" data-source=\"\" data-worker=\"1\"><div class=\"fox-skeleton-card fox-skeleton-card--vertical\"><div class=\"fox-skeleton__image fox-skeleton__image--tall fox-shimmer\"><\/div><div class=\"fox-skeleton__body\"><div class=\"fox-skeleton__line fox-skeleton__line--title fox-shimmer\"><\/div><div class=\"fox-skeleton__line fox-skeleton__line--short fox-shimmer\"><\/div><div class=\"fox-skeleton__footer\"><div class=\"fox-skeleton__line fox-skeleton__line--price fox-shimmer\"><\/div><div class=\"fox-skeleton__line fox-skeleton__line--btn fox-shimmer\"><\/div><\/div><\/div><\/div><div class=\"fox-skeleton-card fox-skeleton-card--vertical\"><div class=\"fox-skeleton__image fox-skeleton__image--tall fox-shimmer\"><\/div><div class=\"fox-skeleton__body\"><div class=\"fox-skeleton__line fox-skeleton__line--title fox-shimmer\"><\/div><div class=\"fox-skeleton__line fox-skeleton__line--short fox-shimmer\"><\/div><div class=\"fox-skeleton__footer\"><div class=\"fox-skeleton__line fox-skeleton__line--price fox-shimmer\"><\/div><div class=\"fox-skeleton__line fox-skeleton__line--btn fox-shimmer\"><\/div><\/div><\/div><\/div><div class=\"fox-skeleton-card fox-skeleton-card--vertical\"><div class=\"fox-skeleton__image fox-skeleton__image--tall fox-shimmer\"><\/div><div class=\"fox-skeleton__body\"><div class=\"fox-skeleton__line fox-skeleton__line--title fox-shimmer\"><\/div><div class=\"fox-skeleton__line fox-skeleton__line--short fox-shimmer\"><\/div><div class=\"fox-skeleton__footer\"><div class=\"fox-skeleton__line fox-skeleton__line--price fox-shimmer\"><\/div><div class=\"fox-skeleton__line fox-skeleton__line--btn fox-shimmer\"><\/div><\/div><\/div><\/div><\/div>\n\n\n\n<h2><span class=\"ez-toc-section\" id=\"Bien_choisir_le_lieu_pour_votre_serre\"><\/span><strong>Bien choisir le lieu pour votre serre<\/strong><span class=\"ez-toc-section-end\"><\/span><\/h2>\n\n\n\n<p>Il est important de bien choisir l\u2019emplacement de votre serre, car bien expos\u00e9 vos plantes se d\u00e9velopperons plus facilement. <\/p>\n\n\n\n<p>La taille de votre serre doit \u00eatre calcul\u00e9 en fonction du&nbsp;nombre de plantes&nbsp;que vous comptez installer dedans, plus elle sera grande, plus il y aura d\u2019air&nbsp; pour vos v\u00e9g\u00e9taux. <\/p>\n\n\n\n<p>Pensez a laisser un passage d\u2019environ un \u00eatre autour de votre&nbsp;serre de jardin&nbsp;cela permettra une utilisation futur plus facile. Enfin vous pouvez envisager un raccordement \u00e9lectrique pour votre serre (\u00e9clairage chauffage).<\/p>\n\n\n\n<p>L\u2019orientation des&nbsp;serres de jardin&nbsp;est primordiale, il est plus judicieux que le cot\u00e9 le plus long soit, orient\u00e9 au sud, pour un ensoleillement maximal au cours de la journ\u00e9e. <\/p>\n\n\n\n<p>Pensez de positionner l\u2019entr\u00e9e de la&nbsp;serres&nbsp;\u00e0 l\u2019Ouest, vous \u00e9viterez une exposition aux intemp\u00e9ries. <\/p>\n\n\n\n<p>Vous pouvez \u00e9galement installez serre pr\u00e8s d\u2019une maison, cela permet de fortifier l\u2019ensemble de l\u2019abri .Dans une logique d\u2019ensoleillement un mur expos\u00e9 plein sud offrira les meilleures conditions. &nbsp;<\/p>\n\n\n\n<p>De plus la serre b\u00e9n\u00e9ficiera de la chaleur de votre maison, et de la proximit\u00e9 du r\u00e9seau d\u2019eau et d\u2019\u00e9lectricit\u00e9.<\/p>\n\n\n\n<div class=\"fox-placeholder fox-search-placeholder fox-skeleton-wrap fox-skeleton-wrap--grid\" data-search=\"1\" data-cache-key=\"ebe40801d21ef2ee0324\" data-keyword=\"serre jardin\" data-node=\"\" data-locale=\"FR\" data-count=\"3\" data-sort=\"Featured\" data-layout=\"grid\" data-title=\"\" data-class=\"\" data-source=\"\" data-worker=\"1\"><div class=\"fox-skeleton-card fox-skeleton-card--vertical\"><div class=\"fox-skeleton__image fox-skeleton__image--tall fox-shimmer\"><\/div><div class=\"fox-skeleton__body\"><div class=\"fox-skeleton__line fox-skeleton__line--title fox-shimmer\"><\/div><div class=\"fox-skeleton__line fox-skeleton__line--short fox-shimmer\"><\/div><div class=\"fox-skeleton__footer\"><div class=\"fox-skeleton__line fox-skeleton__line--price fox-shimmer\"><\/div><div class=\"fox-skeleton__line fox-skeleton__line--btn fox-shimmer\"><\/div><\/div><\/div><\/div><div class=\"fox-skeleton-card fox-skeleton-card--vertical\"><div class=\"fox-skeleton__image fox-skeleton__image--tall fox-shimmer\"><\/div><div class=\"fox-skeleton__body\"><div class=\"fox-skeleton__line fox-skeleton__line--title fox-shimmer\"><\/div><div class=\"fox-skeleton__line fox-skeleton__line--short fox-shimmer\"><\/div><div class=\"fox-skeleton__footer\"><div class=\"fox-skeleton__line fox-skeleton__line--price fox-shimmer\"><\/div><div class=\"fox-skeleton__line fox-skeleton__line--btn fox-shimmer\"><\/div><\/div><\/div><\/div><div class=\"fox-skeleton-card fox-skeleton-card--vertical\"><div class=\"fox-skeleton__image fox-skeleton__image--tall fox-shimmer\"><\/div><div class=\"fox-skeleton__body\"><div class=\"fox-skeleton__line fox-skeleton__line--title fox-shimmer\"><\/div><div class=\"fox-skeleton__line fox-skeleton__line--short fox-shimmer\"><\/div><div class=\"fox-skeleton__footer\"><div class=\"fox-skeleton__line fox-skeleton__line--price fox-shimmer\"><\/div><div class=\"fox-skeleton__line fox-skeleton__line--btn fox-shimmer\"><\/div><\/div><\/div><\/div><\/div>\n\n\n\n<h2><span class=\"ez-toc-section\" id=\"Lentretien_de_votre_abri_de_jardin_et_serre\"><\/span><strong>L\u2019entretien de votre abri de jardin&nbsp;et serre :<\/strong><span class=\"ez-toc-section-end\"><\/span><\/h2>\n\n\n\n<p>En pr\u00e9vention de l\u2019hiver, enlever les pr\u00e9cautions mises en place. Comme le soleil est plus rare la l\u2019entretien des v\u00e9g\u00e9taux est plus difficile. <\/p>\n\n\n\n<p>Pensez donc \u00e0 a\u00e9rer votre serre r\u00e9guli\u00e8rement pour \u00e9viter que l\u2019air ne sature, ceci favorise les maladies.<\/p>\n\n\n\n<p>Pour le printemps, pr\u00e9parez votre serre pour accueillir de&nbsp;nouvelles plantes&nbsp;et profitez en pour remettre vos plans plus \u00e2g\u00e9s en places.<\/p>\n\n\n\n<p>Lorsque l\u2019\u00e9t\u00e9 arrive, vous devez emp\u00eacher &nbsp;les rayons de soleil d\u2019atteindre directement vos jeunes plants. Pour cela vous pouvez utilisez un rideau de serre ou une toile d\u2019ombrage quelconque. <\/p>\n\n\n\n<p>V\u00e9rifiez \u00e9galement le taux d\u2019humidit\u00e9 de votre air.si il est trop sec pensez a humidifiez le sol r\u00e9guli\u00e8rement ou placez des r\u00e9cipients d\u2019eau dans la serre. <\/p>\n\n\n\n<p>Ceci vous permettra \u00e9galement de faire diminuer la temp\u00e9rature ambiante. Il est indispensable d\u2019a\u00e9rez r\u00e9guli\u00e8rement votre serre, sinon vous constaterez que vos plans moisiront.., privil\u00e9giez les fin de matin\u00e9es pour le faire. <\/p>\n\n\n\n<p>En cas de &nbsp;d\u00e9part, pensez \u00e0 mettre en place un&nbsp;syst\u00e8me d\u2019arrosage&nbsp;avec programmateur de type goutte \u00e0 goutte ou&nbsp;aspersion.<\/p>\n\n\n\n<p>Pour le d\u00e9but de l\u2019automne, vous gagnerez en luminosit\u00e9 si vous veillez a la bonne propret\u00e9 de vos vitres ou plastiques. <\/p>\n\n\n\n<p>C\u2019est \u00e9galement la saison id\u00e9ale pour v\u00e9rifier la bonne \u00e9tanch\u00e9it\u00e9 de votre serre. <\/p>\n\n\n\n<p>Pour cela n\u2019h\u00e9sitez pas \u00e0 regarder vos joints.<\/p>\n\n\n\n<div class=\"fox-placeholder fox-search-placeholder fox-skeleton-wrap fox-skeleton-wrap--grid\" data-search=\"1\" data-cache-key=\"ebe40801d21ef2ee0324\" data-keyword=\"serre jardin\" data-node=\"\" data-locale=\"FR\" data-count=\"3\" data-sort=\"Featured\" data-layout=\"grid\" data-title=\"\" data-class=\"\" data-source=\"\" data-worker=\"1\"><div class=\"fox-skeleton-card fox-skeleton-card--vertical\"><div class=\"fox-skeleton__image fox-skeleton__image--tall fox-shimmer\"><\/div><div class=\"fox-skeleton__body\"><div class=\"fox-skeleton__line fox-skeleton__line--title fox-shimmer\"><\/div><div class=\"fox-skeleton__line fox-skeleton__line--short fox-shimmer\"><\/div><div class=\"fox-skeleton__footer\"><div class=\"fox-skeleton__line fox-skeleton__line--price fox-shimmer\"><\/div><div class=\"fox-skeleton__line fox-skeleton__line--btn fox-shimmer\"><\/div><\/div><\/div><\/div><div class=\"fox-skeleton-card fox-skeleton-card--vertical\"><div class=\"fox-skeleton__image fox-skeleton__image--tall fox-shimmer\"><\/div><div class=\"fox-skeleton__body\"><div class=\"fox-skeleton__line fox-skeleton__line--title fox-shimmer\"><\/div><div class=\"fox-skeleton__line fox-skeleton__line--short fox-shimmer\"><\/div><div class=\"fox-skeleton__footer\"><div class=\"fox-skeleton__line fox-skeleton__line--price fox-shimmer\"><\/div><div class=\"fox-skeleton__line fox-skeleton__line--btn fox-shimmer\"><\/div><\/div><\/div><\/div><div class=\"fox-skeleton-card fox-skeleton-card--vertical\"><div class=\"fox-skeleton__image fox-skeleton__image--tall fox-shimmer\"><\/div><div class=\"fox-skeleton__body\"><div class=\"fox-skeleton__line fox-skeleton__line--title fox-shimmer\"><\/div><div class=\"fox-skeleton__line fox-skeleton__line--short fox-shimmer\"><\/div><div class=\"fox-skeleton__footer\"><div class=\"fox-skeleton__line fox-skeleton__line--price fox-shimmer\"><\/div><div class=\"fox-skeleton__line fox-skeleton__line--btn fox-shimmer\"><\/div><\/div><\/div><\/div><\/div>\n\n\n\n<h5><span class=\"ez-toc-section\" id=\"Tout_sur_la_serre_de_jardin\"><\/span>Tout sur la serre de jardin :<span class=\"ez-toc-section-end\"><\/span><\/h5>\n\n\n\n<ul><li><a href=\"https:\/\/www.arrosagedujardin.fr\/guide\/chauffage-de-serre-de-jardin\/\">Chauffer votre serre de jardin<\/a><\/li><li><a href=\"https:\/\/www.arrosagedujardin.fr\/guide\/tout-savoir-sur-la-mini-serre-de-jardin\/\">Mini serre<\/a><\/li><li><a href=\"https:\/\/www.arrosagedujardin.fr\/guide\/serre-de-jardin-4-saison\/\">Cultures saisonni\u00e8res sous serre<\/a><\/li><li><a href=\"https:\/\/www.arrosagedujardin.fr\/guide\/serre-adossee\/\">Serre adoss\u00e9e<\/a><\/li><li><a href=\"https:\/\/www.arrosagedujardin.fr\/guide\/quel-revetement-et-bache-votre-serre-de-jardin\/\">Rev\u00eatement ou b\u00e2che de serre<\/a><\/li><li><a href=\"https:\/\/www.arrosagedujardin.fr\/guide\/serre-tunnel\/\">Serre tunnel<\/a><\/li><\/ul>\n","protected":false},"excerpt":{"rendered":"<p>Installer une serre dans votre jardin Dans une&nbsp;&nbsp;vous pouvez cultiver tous types de v\u00e9g\u00e9taux.&nbsp; L\u2019installation du serre de jardin\u00a0peut paraitre difficile mais avec quelques conseils, il vous sera facile de l\u2019as r\u00e9aliser. Pourquoi avez-vous besoin d\u2019une serre de jardin ? Pour votre potager, vous ne pouvez pas ma\u00eetriser les conditions m\u00e9t\u00e9orologiques. S\u2019il fait trop chaud [&hellip;]<\/p>\n","protected":false},"author":1,"featured_media":0,"parent":0,"menu_order":0,"comment_status":"open","ping_status":"open","template":"","meta":{"_links_to":"","_links_to_target":""},"yoast_head":"<!-- This site is optimized with the Yoast SEO plugin v20.6 - https:\/\/yoast.com\/wordpress\/plugins\/seo\/ -->\n<title>Installer une serre de jardin<\/title>\n<meta name=\"robots\" content=\"index, follow, max-snippet:-1, max-image-preview:large, max-video-preview:-1\" \/>\n<link rel=\"canonical\" href=\"https:\/\/www.arrosagedujardin.fr\/guide\/installer-une-serre-de-jardin-verre-alu\/\" \/>\n<meta property=\"og:locale\" content=\"fr_FR\" \/>\n<meta property=\"og:type\" content=\"article\" \/>\n<meta property=\"og:title\" content=\"Installer une serre de jardin\" \/>\n<meta property=\"og:description\" content=\"Installer une serre dans votre jardin Dans une&nbsp;&nbsp;vous pouvez cultiver tous types de v\u00e9g\u00e9taux.&nbsp; L\u2019installation du serre de jardin\u00a0peut paraitre difficile mais avec quelques conseils, il vous sera facile de l\u2019as r\u00e9aliser. Pourquoi avez-vous besoin d\u2019une serre de jardin ? Pour votre potager, vous ne pouvez pas ma\u00eetriser les conditions m\u00e9t\u00e9orologiques. S\u2019il fait trop chaud [&hellip;]\" \/>\n<meta property=\"og:url\" content=\"https:\/\/www.arrosagedujardin.fr\/guide\/installer-une-serre-de-jardin-verre-alu\/\" \/>\n<meta property=\"article:modified_time\" content=\"2026-02-16T18:07:19+00:00\" \/>\n<meta name=\"twitter:card\" content=\"summary_large_image\" \/>\n<meta name=\"twitter:label1\" content=\"Dur\u00e9e de lecture estim\u00e9e\" \/>\n\t<meta name=\"twitter:data1\" content=\"4 minutes\" \/>\n<script type=\"application\/ld+json\" class=\"yoast-schema-graph\">{\"@context\":\"https:\/\/schema.org\",\"@graph\":[{\"@type\":\"WebPage\",\"@id\":\"https:\/\/www.arrosagedujardin.fr\/guide\/installer-une-serre-de-jardin-verre-alu\/\",\"url\":\"https:\/\/www.arrosagedujardin.fr\/guide\/installer-une-serre-de-jardin-verre-alu\/\",\"name\":\"Installer une serre de jardin\",\"isPartOf\":{\"@id\":\"https:\/\/www.arrosagedujardin.fr\/guide\/#website\"},\"datePublished\":\"2022-03-23T18:27:32+00:00\",\"dateModified\":\"2026-02-16T18:07:19+00:00\",\"breadcrumb\":{\"@id\":\"https:\/\/www.arrosagedujardin.fr\/guide\/installer-une-serre-de-jardin-verre-alu\/#breadcrumb\"},\"inLanguage\":\"fr-FR\",\"potentialAction\":[{\"@type\":\"ReadAction\",\"target\":[\"https:\/\/www.arrosagedujardin.fr\/guide\/installer-une-serre-de-jardin-verre-alu\/\"]}]},{\"@type\":\"BreadcrumbList\",\"@id\":\"https:\/\/www.arrosagedujardin.fr\/guide\/installer-une-serre-de-jardin-verre-alu\/#breadcrumb\",\"itemListElement\":[{\"@type\":\"ListItem\",\"position\":1,\"name\":\"Home\",\"item\":\"https:\/\/www.arrosagedujardin.fr\/guide\/\"},{\"@type\":\"ListItem\",\"position\":2,\"name\":\"Installer une serre de jardin\"}]},{\"@type\":\"WebSite\",\"@id\":\"https:\/\/www.arrosagedujardin.fr\/guide\/#website\",\"url\":\"https:\/\/www.arrosagedujardin.fr\/guide\/\",\"name\":\"\",\"description\":\"Guide sur l&#039;entretien et l&#039;arrosage du jardin\",\"potentialAction\":[{\"@type\":\"SearchAction\",\"target\":{\"@type\":\"EntryPoint\",\"urlTemplate\":\"https:\/\/www.arrosagedujardin.fr\/guide\/?s={search_term_string}\"},\"query-input\":\"required name=search_term_string\"}],\"inLanguage\":\"fr-FR\"}]}<\/script>\n<!-- \/ Yoast SEO plugin. -->","yoast_head_json":{"title":"Installer une serre de jardin","robots":{"index":"index","follow":"follow","max-snippet":"max-snippet:-1","max-image-preview":"max-image-preview:large","max-video-preview":"max-video-preview:-1"},"canonical":"https:\/\/www.arrosagedujardin.fr\/guide\/installer-une-serre-de-jardin-verre-alu\/","og_locale":"fr_FR","og_type":"article","og_title":"Installer une serre de jardin","og_description":"Installer une serre dans votre jardin Dans une&nbsp;&nbsp;vous pouvez cultiver tous types de v\u00e9g\u00e9taux.&nbsp; L\u2019installation du serre de jardin\u00a0peut paraitre difficile mais avec quelques conseils, il vous sera facile de l\u2019as r\u00e9aliser. Pourquoi avez-vous besoin d\u2019une serre de jardin ? Pour votre potager, vous ne pouvez pas ma\u00eetriser les conditions m\u00e9t\u00e9orologiques. S\u2019il fait trop chaud [&hellip;]","og_url":"https:\/\/www.arrosagedujardin.fr\/guide\/installer-une-serre-de-jardin-verre-alu\/","article_modified_time":"2026-02-16T18:07:19+00:00","twitter_card":"summary_large_image","twitter_misc":{"Dur\u00e9e de lecture estim\u00e9e":"4 minutes"},"schema":{"@context":"https:\/\/schema.org","@graph":[{"@type":"WebPage","@id":"https:\/\/www.arrosagedujardin.fr\/guide\/installer-une-serre-de-jardin-verre-alu\/","url":"https:\/\/www.arrosagedujardin.fr\/guide\/installer-une-serre-de-jardin-verre-alu\/","name":"Installer une serre de jardin","isPartOf":{"@id":"https:\/\/www.arrosagedujardin.fr\/guide\/#website"},"datePublished":"2022-03-23T18:27:32+00:00","dateModified":"2026-02-16T18:07:19+00:00","breadcrumb":{"@id":"https:\/\/www.arrosagedujardin.fr\/guide\/installer-une-serre-de-jardin-verre-alu\/#breadcrumb"},"inLanguage":"fr-FR","potentialAction":[{"@type":"ReadAction","target":["https:\/\/www.arrosagedujardin.fr\/guide\/installer-une-serre-de-jardin-verre-alu\/"]}]},{"@type":"BreadcrumbList","@id":"https:\/\/www.arrosagedujardin.fr\/guide\/installer-une-serre-de-jardin-verre-alu\/#breadcrumb","itemListElement":[{"@type":"ListItem","position":1,"name":"Home","item":"https:\/\/www.arrosagedujardin.fr\/guide\/"},{"@type":"ListItem","position":2,"name":"Installer une serre de jardin"}]},{"@type":"WebSite","@id":"https:\/\/www.arrosagedujardin.fr\/guide\/#website","url":"https:\/\/www.arrosagedujardin.fr\/guide\/","name":"","description":"Guide sur l&#039;entretien et l&#039;arrosage du jardin","potentialAction":[{"@type":"SearchAction","target":{"@type":"EntryPoint","urlTemplate":"https:\/\/www.arrosagedujardin.fr\/guide\/?s={search_term_string}"},"query-input":"required name=search_term_string"}],"inLanguage":"fr-FR"}]}},"_links":{"self":[{"href":"https:\/\/www.arrosagedujardin.fr\/guide\/wp-json\/wp\/v2\/pages\/6192"}],"collection":[{"href":"https:\/\/www.arrosagedujardin.fr\/guide\/wp-json\/wp\/v2\/pages"}],"about":[{"href":"https:\/\/www.arrosagedujardin.fr\/guide\/wp-json\/wp\/v2\/types\/page"}],"author":[{"embeddable":true,"href":"https:\/\/www.arrosagedujardin.fr\/guide\/wp-json\/wp\/v2\/users\/1"}],"replies":[{"embeddable":true,"href":"https:\/\/www.arrosagedujardin.fr\/guide\/wp-json\/wp\/v2\/comments?post=6192"}],"version-history":[{"count":18,"href":"https:\/\/www.arrosagedujardin.fr\/guide\/wp-json\/wp\/v2\/pages\/6192\/revisions"}],"predecessor-version":[{"id":8058,"href":"https:\/\/www.arrosagedujardin.fr\/guide\/wp-json\/wp\/v2\/pages\/6192\/revisions\/8058"}],"wp:attachment":[{"href":"https:\/\/www.arrosagedujardin.fr\/guide\/wp-json\/wp\/v2\/media?parent=6192"}],"curies":[{"name":"wp","href":"https:\/\/api.w.org\/{rel}","templated":true}]}}